are the prime factors of o?
2, 3
Let r = 16 + 1. Suppose 0 = 3*o - r - 4. List the prime factors of o.
7
Let n be (-28)/(-1) + 9 + -6. Let u = 54 - n. List the prime factors of u.
23
Let a(n) = n**2 - 3*n - 5. Let o be a(-5). Let z be 5/((-5)/(-2)) - o. What are the prime factors of (-171)/z + (-4)/22?
5
Suppose -4*i + 3*r = -r + 4, i + 4 = 2*r. Suppose z - 3*z = i*v - 38, 2*z - 2*v - 34 = 0. List the prime factors of z.
2, 3
Let j(d) = -d**2 - 13*d + 24. Let b be j(-15). Suppose -z = 11 - 1. List the prime factors of (-60)/(-25) + b/z.
3
Let f = -38 + 68. What are the prime factors of f?
2, 3, 5
Suppose 231 = 3*p - 3*w - 0*w, w = 4*p - 308. List the prime factors of p.
7, 11
Let u = 16 - 13. Suppose -u*t + 0*t - 84 = -3*r, 10 = -5*t. List the prime factors of r.
2, 13
Let l be 15/3 + -2 + 1. Suppose -3*f = -4*k + 9, f = l*k - f - 10. Let c = 6 + k. List the prime factors of c.
3
Suppose -4*y = -3*d - 39, -2*d - 23 = -3*y - d. List the prime factors of y.
2, 3
Let x(m) = m**2 + 9*m + 12. Let k be x(-8). Let i(n) be the second derivative of n**4/12 - n**3/6 + n**2 - 14*n. List the prime factors of i(k).
2, 7
What are the prime factors of 51 + (-8)/(-2) + -6?
7
Let v = -38 + 119. List the prime factors of v.
3
Suppose -6*f - 48 = -192. What are the prime factors of f?
2, 3
Let c(b) be the first derivative of b**3/3 + b**2/2 - 2*b - 1. Let g be c(4). Let m = g - 7. What are the prime factors of m?
11
Let k(b) = b**2 - 2. Let l be k(-2). Let o = l + 1. List the prime factors of o.
3
Suppose 81 = 4*f + 33. What are the prime factors of f?
2, 3
Let n = 7 + -5. Suppose 4*h - 5 = 3. Let f = h + n. What are the prime factors of f?
2
Suppose 9*a = 4*a + 365. List the prime factors of a.
73
Suppose -q + 1 = -6*g + 4*g, 5*q + 5*g = 35. Suppose -13 + 42 = q*d + 3*k, -3*k = 6. What are the prime factors of d?
7
Let t be 102/5 - (-4)/(-10). Let d = -8 - 2. Let j = d + t. What are the prime factors of j?
2, 5
Suppose 3*h = -4*m - 7, -m = -5*h + m + 23. Let q be (-2 - -16 - h) + 0. List the prime factors of q*(-3)/(0 - 3).
11
List the prime factors of (-5)/(-10)*(23 - -3).
13
Let x be (3 + -1 - -2)*1. Suppose x = 2*a - 0, -5*c = a - 102. What are the prime factors of c?
2, 5
Let z(k) = 17*k - 27. List the prime factors of z(8).
109
Let k(m) = 4*m**2 + 17*m + 22. What are the prime factors of k(-7)?
3, 11
Let p be 3/((-4)/(-10 - 2)). What are the prime factors of p/6 + 106/4?
2, 7
Suppose f = -g + 85, 5*f - 433 = g + 2*g. List the prime factors of f.
2, 43
Suppose 5*c = 3*f - 17, 2*f + 2*c - 5 = -c. Let d(z) = z**2 + 16*z + 39. Let x be d(-14). Let y = x - f. What are the prime factors of y?
7
Let a(t) be the third derivative of -t**4/12 - t**3/6 - t**2. What are the prime factors of a(-7)?
13
Let m be 10 - (2 - 4 - -2). Suppose -5*a = -7*a + m. What are the prime factors of a?
5
Let p(w) = -8*w - 12. Let x be 1/(-7) + 374/(-77). What are the prime factors of p(x)?
2, 7
Let c = -2 - -4. Let i(r) = -r + 2*r**2 + 4 + 0*r + 4*r**c + r**3. What are the prime factors of i(-6)?
2, 5
Let y(a) = a**2 + a - 1. Let m(u) = -u**2 - 9*u - 9. Let h be m(-7). Suppose -h*w + 0*w = -15. What are the prime factors of y(w)?
11
Suppose -v + 1 = 2. Let p(i) = -18*i - 2. What are the prime factors of p(v)?
2
List the prime factors of 4 - 8*15/(-5).
2, 7
Suppose -3*n + u - 6 = 0, 0 = 3*n - n - 2*u + 4. Let a = 25 + n. List the prime factors of a.
23
Let m(a) = a**3 + 4*a**2 - 2*a - 3. Suppose 3*g + 20 = -2*g. What are the prime factors of m(g)?
5
Let a = -26 - -40. Suppose 2*s + a = 4*b, -s - 2 = -b - 1. What are the prime factors of b?
2, 3
Let x = -35 + 67. Let y = 12 + x. What are the prime factors of y?
2, 11
Let v be -1 + -2 - (-2 + 7). Let u = -4 - v. List the prime factors of u.
2
List the prime factors of (-2)/4 - (-2952)/16.
2, 23
Suppose -4*n - 3 + 11 = 0. What are the prime factors of n?
2
What are the prime factors of (-13)/(-2) - 5/10?
2, 3
Let p = -34 + 114. List the prime factors of p.
2, 5
Let k = -5 + 15. Suppose 2*w = -0*w + k. List the prime factors of w.
5
Let q = -98 - -180. What are the prime factors of q?
2, 41
Let q(g) = -g**3 + 4*g**2 + 4*g + 7. Let c be q(5). Suppose -3*p = -c*w - 1, -4*w + 5*p + 20 = -5*w. What are the prime factors of (-2)/w + 96/10?
2, 5
Suppose 0 = -3*l + 7*l. Suppose -h - 1 + 3 = l. Suppose 2*n + 0 - 2 = 0, -5*w + 37 = h*n. List the prime factors of w.
7
Suppose 4*q + 2*j - 5*j - 15 = 0, 3*q - j = 5. Suppose 4*p - 21 - 7 = q. Suppose 4*d + 4*x = 52, d - p*x - 8 = -3*x. List the prime factors of d.
2, 3
Let y(b) = -b + 3. Suppose -3*p = -2*m - 16 - 2, 4*p + 2*m - 24 = 0. Let k be (3 - p)*8/6. List the prime factors of y(k).
7
Suppose 3 + 0 = o, -o = f - 52. Let j = f - 19. List the prime factors of j.
2, 3, 5
What are the prime factors of -1 + 4/((-12)/(-303))?
2, 5
Let w be 13/2 + (-2)/(-4). Let q = w + -4. What are the prime factors of q?
3
Let u be -3 - -2 - 68/4. Let d = u + 45. List the prime factors of d.
3
Let n(o) = 24*o**2 + o - 1. What are the prime factors of n(1)?
2, 3
Let o be 2/1 - (1 - 3). Let f be 10/o*(-2)/(-1). Suppose -z + f*z = 44. What are the prime factors of z?
11
Let b = -3 + 4. Suppose 4*t = 2*j + 12, 3*t - 5*j = -b + 17. Suppose -t*x = x - 42. List the prime factors of x.
2, 7
Let w = -13 + 49. Let a = w + -24. What are the prime factors of a?
2, 3
Let t = -2 + 6. Suppose 3*o + 6 = -3*p, 0*p + 2*p + 5*o = -19. Suppose -p*j - t*b = -33, b = -2*j + 3 + 19. What are the prime factors of j?
11
Let o(l) = -2*l + 8. Let s be o(0). List the prime factors of 2/4*s*2.
2
Let s = -6 + 0. Let n = 1 - s. List the prime factors of n.
7
Let x = 71 - 33. Let n = x + -25. List the prime factors of n.
13
Let k = 9 + -5. Suppose -9 = -q - i, -k*q - 7*i + 2*i + 41 = 0. List the prime factors of q.
2
Let y(x) = x**3 + 9*x**2 + x + 12. What are the prime factors of y(-9)?
3
Suppose -2*o + 4 = 0, 2*c - 2008 = -c - 5*o. List the prime factors of c/(-12)*(-4)/6.
37
Suppose -4*x = -20, 0 = -3*q - 5*x + 3*x + 34. What are the prime factors of q?
2
Let b be 0/(-2) + 1 - -2. Suppose -2*o + 2 = -0*t - 3*t, 3*t - 18 = -b*o. Suppose -o*h + 12 = -0*h. What are the prime factors of h?
3
Suppose -p = -2*p + 1. What are the prime factors of ((-35)/21)/(p/(-3))?
5
What are the prime factors of (-2 + 5)/(1/6)?
2, 3
Suppose 7*b - 264 = 5*b. What are the prime factors of b?
2, 3, 11
Suppose 2*g - 5*f - 18 + 1 = 0, -3*g + 5*f + 18 = 0. What are the prime factors of (g/3)/((-1)/(-9))?
3
What are the prime factors of ((-8)/(-4) + -1)/((-1)/(-131))?
131
Let b(t) = -t - 2. Let j be 4/16 + 9/(-4). Let i be b(j). Suppose 5*w = 3*m + 35, i*w + 4*w - 50 = -2*m. What are the prime factors of w?
2, 5
Suppose 0 = -3*i - 1 + 10. Suppose 3*b - 21 = 4*u, 2*b + 5*u = -i*b + 35. What are the prime factors of b?
7
Let a(q) = q**2 + 9*q + 9. Let l be a(-10). Suppose 2*t - l = -3*k + 18, -3*t + 3*k + 48 = 0. What are the prime factors of t?
17
Let k(v) = -v**3 + 5*v + 3. Let m be k(-3). Suppose -86 = -3*w - 5*s, 2*s - 86 - 10 = -4*w. Let j = w - m. What are the prime factors of j?
7
Suppose 3*h + z - 28 = 0, 2*h - z + 5 - 22 = 0. What are the prime factors of h?
3
Suppose 150 = -2*w + 18. Let b = -37 - w. What are the prime factors of b?
29
Suppose 5*q = 2*t + 78, -4*q - q + 83 = 3*t. Let a = -12 + q. What are the prime factors of a?
2
Let b(n) = -6*n + 1. List the prime factors of b(-3).
19
Let l(n) = 6*n**3 - n + 1. Let u be 2/(-3)*9/(-6). What are the prime factors of l(u)?
2, 3
Suppose 5*t + 25 = 0, 0 = -3*f - 0*t + t - 55. Let n = f - -31. List the prime factors of n.
11
Suppose -f = -0*n - 2*n - 16, f = -5*n + 16. What are the prime factors of f?
2
Let v = 11 - 23. List the prime factors of v/54 + (-209)/(-9).
23
Let o(m) = -m - 3. Let a be o(-6). What are the prime factors of (-20)/(-30)*a*3?
2, 3
List the prime factors of 6 + -2 + (-42)/(-3).
2, 3
Let g(u) be the first derivative of -u**4/4 + 11*u**3/3 + 15*u**2/2 - 10*u + 2. What are the prime factors of g(12)?
2, 13
Let y = 8 - 0. Suppose -3*d + 73 = -5*q + y, q = 2*d - 41. What are the prime factors of d?
2, 5
Suppose 0*x - 25 = -4*x - 5*r, -4*x + 3*r + 49 = 0. Suppose 5*t - 25 - x = 0. What are the prime factors of t?
7
Let m = -103 + 172. List the prime factors of m.
3, 23
Let f = 31 + -16. List the pri